g(i) = -2*i + 3. Let c(m) = -3*m + 3. Let p(j) = -3*c(j) + 4*g(j). Let n = 18 + -14. Suppose n*o + 15 + 5 = 0. What is p(o)?
-2
Let i(w) = -w - 13. Suppose -36*y - 22 = -166. What is i(y)?
-17
Let a(l) = -12*l - 6. Let f = -1165 + 1163. What is a(f)?
18
Suppose -3*j = 5*w - 2 - 8, 3*w - 3*j + 18 = 0. Let l(v) be the third derivative of 0 + 1/30*v**5 + 0*v**3 + 3*v**2 + 0*v + 0*v**4. What is l(w)?
2
Let n(y) be the second derivative of y**3/6 - 3*y**2/2 + 11*y + 3. Give n(2).
-1
Let z(t) = 9 - 17*t**2 + 8*t + 19*t**2 + 7*t**2. Let x(s) = -4*s**2 - 4*s - 4. Let r(p) = -7*x(p) - 3*z(p). What is r(-4)?
1
Let b(x) = -x**2 - x + 5. Let v be -3*((-4)/(-26) - 620/(-1209)). What is b(v)?
3
Let x = 49 - 47. Let p(k) = 12*k**3 + 4*k**2 + 1. Let f(b) = 24*b**3 + 9*b**2 + 3. Let c(o) = x*f(o) - 5*p(o). Give c(-1).
11
Let j(q) = 5*q - 4. Let m = 69 + -72. Calculate j(m).
-19
Let v(d) = -d**2 - 8*d + 7. Suppose 4*q + c - 19 = 0, 3*c - 9 = -0*c. Let y be (-18 - -56)*2/q. Let l = 11 - y. Determine v(l).
7
Let j be 20 + -7 + -1*(-6)/(-3). Let r(z) = z**3 - 11*z**2 + z - 16. Give r(j).
-5
Let p be (-5)/30 + (-964)/(-24). Let f(x) = x - 42 + 3*x**2 - 2*x + 0*x + p. What is f(-2)?
12
Let n(f) = f**2 + 9*f + 8. Let q = 37 - 33. Suppose q*c = -2*t - 18, -2*t + 11 = 5. What is n(c)?
-10
Let w(x) = -x**3 + x + 1. Let y(b) = -1 + 7 + 3*b**3 + 1 + 6*b. Let c = -35 + 34. Let k(i) = c*y(i) + 6*w(i). Give k(1).
-10
Let r(l) = -l**2 + 4*l - 1. Suppose -3*j + 1 = -s - 3, 18 = j + 3*s. Determine r(j).
2
Suppose -15*j + 14*j = -2*l - 22, 0 = -l - 3*j - 4. Let o(t) = -t**3 - 11*t**2 - 11*t - 7. Give o(l).
3
Let q(u) = 10 + 5 - 3 - 7 + 5*u - 4. Let m be (12/6)/(2/3). Calculate q(m).
16
Let p(j) = -24 + 28 + 27*j + 24*j - 50*j. Suppose -2*o + 2*c = 5 + 3, c = 5*o + 12. Let z be o - (-1 - 0 - -3). Determine p(z).
0
Let x(y) = y**3 - 4*y**2 - 11*y - 2. Let o(w) = -w**3 + 4*w**2 + 10*w + 1. Let d(l) = -7*o(l) - 6*x(l). Calculate d(5).
10
Let f(r) = -r + 24. Let t(y) = y - 26. Let x(l) = -7*f(l) - 6*t(l). Determine x(10).
-2
Let i(x) = -9*x**3 + 262*x**2 - 27*x - 47. Let h be i(29). Let n(r) = r**2 - 12*r + 7. Determine n(h).
-4
Let l be (-4)/6 + 11/165*25. Let r(i) = -i**3 - i**2 + i - 1. Calculate r(l).
-2
Let w(t) = t**2 + t. Let p(k) = 4*k + 5. Let g(u) = -p(u) + w(u). Determine g(7).
23
Let j(d) = 0*d + 0*d - d**2 + 1. Let y(g) = 3*g**2 + 4*g - 6. Let o(w) = 4*j(w) + y(w). Let s = 131 + -128. Calculate o(s).
1
Suppose 573*r = 574*r + 4. Let x(k) = -k + 4. Give x(r).
8
Let z(l) = l - 10. Let w(a) be the first derivative of a**4/4 + 14*a**3/3 - 7*a**2 + 15*a + 14. Let c be w(-15). Calculate z(c).
-10
Suppose 2*x = 6*x + m, 0 = 5*m. Let d(n) be the third derivative of -n**4/24 + n**3 - 63*n**2 - 7*n. Determine d(x).
6
Let p(n) = -n**2 - 6*n - 1. Let q be (-414)/72 + (-6)/(-8). Let g be q - (-4 - (-1 + -3)). Give p(g).
4
Let i(b) = 3*b**2 - 3*b. Let k be ((-8)/40)/(3/(-30)). Determine i(k).
6
Let z(i) = 4*i. Let n(g) = -g**2 - 36*g + 13. Let j(l) = -n(l) - 5*z(l). Determine j(-17).
4
Let n(k) = -k**3 - 6*k**2 - 6*k - 3. Let i(a) = -a**3 + 17*a**2 - 16*a - 4. Let o = 21 - 5. Let j be i(o). Calculate n(j).
-11
Let n(d) be the first derivative of 1/4*d**4 - 5 - 2*d**3 + 4*d + 3*d**2. Suppose 13 = 4*p - 7. Give n(p).
9
Let j(w) = -w**2 - 4*w + 1. Let p be j(-4). Let d(i) = -4*i. Calculate d(p).
-4
Let p(j) = j**3 + 37*j**2 + 259*j + 57. Let v be p(-9). Let s(a) be the first derivative of -a**2/2 - 4*a - 2. Determine s(v).
2
Suppose 4*m + 0 - 4 = 0. Let c(g) = g**2 - 1. Let a be c(m). Let p(y) = y + 6. Calculate p(a).
6
Let r(p) = p - 2. Let b be r(-5). Let u(n) = n + 1. Let q(i) = -2*i - 2. Let w(z) = 2*q(z) + 2*u(z). What is w(b)?
12
Suppose 4*q = -0*q - 24. Let x(o) be the second derivative of -o**4/12 - o**3 + 3*o**2 - 2*o - 4. Give x(q).
6
Let r = 466 + -471. Let s(o) = 5*o**2 + 5*o**3 + 6 + o**3 - 5*o**3. What is s(r)?
6
Let l(y) = 3*y + 10. Let o(g) = -g**3 - 3*g**2 - 13*g - 11. Let v be o(-1). Determine l(v).
10
Let i(t) = -t**3 + 2*t**2 + 4*t - 2. Suppose -5*p = -2*d + 23, -d + 8 = 4. Give i(p).
31
Suppose -h = 3*h - 2*a + 2, 4*h - 5*a - 7 = 0. Let z(o) = 4623*o**2 - 1532*o**2 - 3*o**3 - 1546*o**2 - 1548*o**2. Determine z(h).
12
Let n(t) = -t**2. Let p(h) = -h**3 - 15*h**2 - 12*h + 30. Let l be p(-14). Let s(o) = o**2 + o. Let z(x) = l*n(x) - s(x). Calculate z(-1).
-2
Let f = -46 - -50. Suppose h + 4*h + 2*l = 27, -2*l = f*h - 20. Let y(x) = x**3 - 6*x**2 - 4*x. Determine y(h).
21
Let q(a) = a - 5. Let x(w) = -8*w**2 + 22. Suppose -1 + 89 = -2*t. Let k(c) = c**2 - 3. Let l(h) = t*k(h) - 6*x(h). Let m be l(1). Give q(m).
-1
Let a(z) = -z**2 + 2*z + 1. Let r be (-128)/(-5) - 8/(-20). Let u = 29 - r. Calculate a(u).
-2
Suppose 2*j + 1 = 7. Let l(z) = z**3 - 2*z**2 - 2*z - 1. Let a be l(j). Suppose a*w - 2 = -4*s, 5*s + 1 = 4*s - w. Let i(d) = -d**2 - d + 2. What is i(s)?
-4
Let o be (-4)/(-12) + (-1)/3. Suppose 2*r + o = 4. Let z be -2 - r/(-2) - 4. Let a(n) = n**3 + 4*n**2 - 6*n + 2. Determine a(z).
7
Let m(v) = v**3 + 4*v**2 - 5*v + 3. Let z = -339 - -334. Determine m(z).
3
Let d = -39 + 46. Let u(l) = -3*l - 4*l + d - 6. Determine u(-1).
8
Suppose 0*l = 5*l - 75. Let i = 20 - l. Suppose 5*u = 2*h + 35, i*h = -3*u - u - 5. Let p(o) = -o**2 - 5*o + 7. Determine p(h).
7
Let p(h) = -13 - 5*h - 8 - h**2 + 19 - 9 + h. Calculate p(-6).
-23
Suppose -2 = -4*u + 2*z - 4, 3*z + 4 = -u. Let v(c) = c**3 - c**2 - 2*c - 2. Give v(u).
-2
Let t be 11/(-3) + 9 + 400/(-48). Let p(d) = d**2 + 2*d. Calculate p(t).
3
Let u(v) = -v**3 + 7*v + 7 - 5*v**2 + 0 - 2. Suppose -276 = -12*b + 58*b. What is u(b)?
-1
Let h(l) be the first derivative of -l**2/2 - 2*l - 16. Let n be h(1). Let b(i) = i**2 + 3*i + 1. Calculate b(n).
1
Let w(b) = -3*b + 11664 - 8*b - 11669 + b**3 - 10*b**2. What is w(11)?
-5
Let b(k) = -k**2 + 5*k - 4. Suppose 5*i - 2*d = -4*d + 9, 3*i = 4*d - 5. Let z be (-10)/5 - -7 - i. Give b(z).
0
Let u(r) = r**3 - 2*r**2 + 4*r - 2. Suppose -38*k + 44*k - 12 = 0. Calculate u(k).
6
Let m(l) be the first derivative of -l**3/3 - 9*l**2/2 + 5*l - 87. Give m(-10).
-5
Let p(h) = -4*h**3 + 11*h**3 + 2*h + 2*h**3 - 7*h**3 + 2 + 2*h**2. Determine p(-2).
-10
Let c(s) be the third derivative of -9*s**2 + 0 - 1/8*s**4 + 0*s + 1/6*s**3 - 1/60*s**5. Suppose 3*b - 15 = -3*m, 5*b = m - 2*m + 13. Give c(b).
-9
Let i be 13/2 + 22/(-44). Let p(q) = q**2 - 4*q - 3. Calculate p(i).
9
Let s(m) = -22 + 6 + 5*m**2 + 14. Calculate s(-2).
18
Let r(c) = 9*c**2 + 2*c + 1. Let b = 972 - 973. Determine r(b).
8
Let l be (-4)/(-5) + 2/10. Let g be ((-3)/l - -17) + -2. Let b(q) = -g*q + 3 + 2 + 14*q. Give b(-6).
-7
Let q(n) = n**3 - 11*n**2 + 8*n + 23. Let c(l) = l**2 - 2*l - 53. Let h be c(9). Calculate q(h).
3
Let g(r) = 3*r - 18. Let l(w) = 4*w - 35. Let y(h) = 5*g(h) - 3*l(h). Determine y(-13).
-24
Let k(m) = -69*m - 704. Let n be k(-10). Let g(a) = -2*a - 9. Calculate g(n).
19
Let u = -1 + 5. Let d(v) be the first derivative of -v**3/3 + v**2/2 + 3*v - 76. Determine d(u).
-9
Let g(s) = -7*s**2 - s - 1. Let v(w) = -14*w - 13. Let q be v(-2). Let n be 2/(-4)*6/q*5. Determine g(n).
-7
Let k(u) = -38*u**2 - 3*u. Let f be k(-1). Let j = f - -40. Let a(z) = z**3 - 4*z**2 - 6*z - 7. Give a(j).
-12
Suppose 4*w + 4*m = -20, 4*w = -5*m + 9 - 30. Let y(x) = -x**3 - 3*x**2 + 6*x + 1. What is y(w)?
-7
Let s(a) = a**2 - 4*a + 1. Suppose -4*k = -6*k + 18. Suppose 3*t - 12 = -5*d + k, 13 = d + 5*t. Determine s(d).
-2
Let v(t) be the second derivative of -25*t**3/6 - t**2 + 635*t + 1. Calculate v(2).
-52
Let h(n) = -8*n**2 - 2*n + 3. Let m(z) = -9*z**2 - 2*z + 3. Let c(a) = -3*h(a) + 2*m(a). Determine c(2).
25
Suppose 5*b + 5*h = b + 46, -4*b + 5*h = -26. Let c(v) = -4 + 2*v**2 + 6 - v**2 + b + 10*v. Let u be c(-9). Let f(s) = 2*s**3 - s**2 + s + 1. Calculate f(u).
15
Let r(a) = -a**3 + 5*a**2 - 2*a + 1. Let z(k) = 2*k + 18. Suppose -4*b = 3*b + 49. Let q be z(b). Calculate r(q).
9
Let o = -66 - -66. Suppose o = -2*w - 4*u - 3 - 5, -3*u + 12 = -3*w. Let q(m) = m**3 + 5*m**2 + 7*m + 6. Give q(w).
-6
Suppose w - 6 = -2, -2*x + 5*w = 18. Let g = 3 - x. Let l(h) = -2 + 2 + 1 + 2*h - 1. Calculate l(g).
4
Let v(m) be the third derivative of m**6/120 + 7*m**5/60 - m**4/12 - m**3/6 - m**2. Let o(j) = -34*j**2 + 134*j + 1. Let t be o(4). Give